 + -5 + (4 - 1).
1
Calculate -6 + 3 + 2 + -1.
-2
1 + 4 + 0 - 2
3
What is 14 + -8 - (-1 + 4)?
3
5 + -2 - 11 - -4
-4
Evaluate 2 + 10 + -7 + 3 - 17.
-9
Evaluate 8 + -4 + -4 + -3 + 2.
-1
(-2 - (0 - 2)) + (-2 - -2)
0
What is the value of 5 + 2 + -1 + 0 + -1?
5
What is the value of (-5 - -4 - 2) + -1 + -2?
-6
4 + (-6 - 1) - (1 + -3)
-1
Calculate 5 - (0 - ((4 - 3) + -3)).
3
Evaluate -3 - (-5 - 2) - 3.
1
1 + -5 - (2 + -1)
-5
Calculate -1 + -5 + (-83 - -80).
-9
Evaluate 1 + (-2 + -3 - -2 - -4).
2
-3 + 0 + 3 + 4
4
(2 - ((7 - 5) + -2)) + -4
-2
-1 + -4 + 2 + 1 - -4
2
Calculate (-2 - 9) + (6 - -15).
10
What is ((0 - -1) + 0 - 1) + 3?
3
Evaluate -4 - (8 - 5) - -2.
-5
Calculate -5 - -12 - 7 - (0 + 5).
-5
What is the value of (0 - 2) + (0 + 2 - 0)?
0
Evaluate (2 - -1) + -3 - 1.
-1
What is the value of 5 + -9 + 3 + -5?
-6
Evaluate (-4 - 1) + (-3 + 5 - -1).
-2
What is 1 + 3 - (2 - -1)?
1
Evaluate -6 + -1 + (-86 - -90).
-3
-4 + 7 + (-1 - (8 + 0))
-6
What is 4 + -5 + -1 + 4 + -1?
1
What is the value of 4 + (7 - 2) + (18 - 17)?
10
What is the value of 11 - ((4 - 2) + 5 - 4)?
8
Calculate -9 - (-10 + 7 - 6).
0
Evaluate (3 - (19 + -11)) + 7.
2
What is (6 - 5) + -1 - (2 - 3)?
1
11 - 6 - (2 - -1)
2
Calculate -32 - -22 - (1 + -13).
2
Evaluate -2 - (-1 - 0 - (5 - -1)).
5
(-1 - 0) + (-12 - 2) + 20
5
What is the value of -1 - ((19 - 25) + 1 + 0)?
4
What is (-7 - -7 - -3) + (1 - 7)?
-3
What is the value of -5 + 1 + 1 - (-1 + 3)?
-5
Calculate 2 - (1 + 2) - -3.
2
Calculate -113 + 114 - (2 - -1).
-2
What is -7 + 12 - (5 - -2 - -1)?
-3
What is 2 + (8 - (12 + -6))?
4
What is the value of -7 - (-6 + -1 + 5)?
-5
What is 5 + -6 - -2 - (-1 + -2)?
4
Evaluate 4 + 9 + -7 + -5.
1
What is 2 - (6 - 4) - (5 + -5)?
0
Evaluate (2 - 1) + -5 + (-1 - -12).
7
What is -1 + -2 + (5 - -2) + -12?
-8
What is -1 - 6 - (-1 - 3)?
-3
What is (1 - 1) + -2 + 4?
2
What is ((-1 - -5) + 2 - 0) + -5?
1
What is -17 + -8 + 4 + 14?
-7
What is -7 - (-4 - (-1 - (4 - 17)))?
9
What is the value of 9 - (-11 - -16) - (4 - 1)?
1
(12 - 9) + (0 - 2 - 0)
1
What is the value of (13 - 26 - -13) + 5?
5
What is (-6 + 11 - -4) + -4?
5
(3 - -3) + -1 + 0
5
What is the value of -6 + -3 + 3 + 3?
-3
What is the value of 1 + (0 - (0 + -2) - 3)?
0
What is the value of (-8 - 0 - -13) + -1 + 1?
5
Evaluate 8 + -22 + 11 - (3 - 1).
-5
What is -1 + 1 + -3 - (-12 - -12)?
-3
3 + 1 + -10 - -7
1
Evaluate 5 + 3 + -2 + -6.
0
Evaluate 4 + 2 - 12 - -6.
0
Evaluate -6 + -2 + (3 + -2 - -4).
-3
Calculate -1 + (-3 - (1 + -3)) - -2.
0
What is the value of -7 - ((6 - (18 + -8)) + 1)?
-4
40 + -40 - (-5 + 0)
5
-5 + 1 + 13 + -9
0
1 - (5 + -1) - (-8 - -9)
-4
Calculate 0 + 5 - -1 - 1.
5
Evaluate (2 - (-2 + 3)) + 1 + 1.
3
Calculate -3 + -2 + 7 - 0.
2
-3 + -9 + 3 + 19
10
Evaluate (-5 - ((0 - -5) + -5)) + 4.
-1
(-12 - (23 - 15)) + 15
-5
What is the value of -65 - -68 - (-1 + -1)?
5
What is (-3 + 2 - (4 - 1)) + 0?
-4
Calculate (-2 - -1) + (0 - (-3 + 0)).
2
Evaluate -5 + -1 + 3 + 4 + -2.
-1
What is (43 - 39) + (0 - 8 - 0)?
-4
Calculate (5 - 10 - -4) + -5.
-6
4 + (0 - 0) - 6
-2
Calculate -125 + 128 - (1 - -8).
-6
Calculate 6 + -4 - 6 - -3.
-1
Evaluate -4 - (5 + -17) - 3.
5
37 - 44 - (-5 + -2)
0
Calculate 1 + (-7 + -5 - (3 - 9)).
-5
What is -3 - 1 - -1 - -2?
-1
13 - (-18 + 10 - -12)
9
Calculate 2 - (11 - (2 + -4 - -6)).
-5
What is 5 + (-12 - -15) + -1 + 0?
7
1 - (-3 - -1 - 1 - -2)
2
Calculate -3 + 3 + -5 + 2 - 1.
-4
What is the value of -4 + -5 + 9 + -1?
-1
What is 1 + 1 - 2 - (-5 + 7)?
-2
Evaluate -1 + 2 + -5 + 6.
2
0 - (-5 - -6 - 6)
5
Calculate (8 - 14 - -10) + -1 + 1.
4
Evaluate -1 - -4 - (11 + -19).
11
Evaluate (-3 - -4) + 9 + -11.
-1
What is the value of -3 - (8 + 5 + -9)?
-7
What is the value of 5 - (-3 - (-4 - 2))?
2
Evaluate 5 + -4 - (-5 + 4).
2
What is the value of 29 - 34 - (0 + 0)?
-5
Calculate (1 - -6) + -4 - 1.
2
-12 + 8 + (-3 - -2)
-5
0 - 2 - (-12 - -13)
-3
What is the value of -5 + (-2 + (16 - 6) - -1)?
4
Calculate -2 + (-1 - (2 + 1 + -4)).
-2
Calculate 5 + -8 + 3 + 3 + -7.
-4
What is -9 + 10 - 7 - -8?
2
Evaluate 6 - (6 + -3) - -2 - 4.
1
Calculate 6 + -2 - (-6 + 6).
4
3 - (6 - (0 - -1))
-2
Calculate -2 + -2 + (1 - -4).
1
What is the value of 10 + -4 + 4 + -9?
1
What is the value of 4 - (-14 + (9 - 4) - -5)?
8
What is 2 - (3 - 6 - -7)?
-2
What is the value of -1 + (-5 - (7 + -8))?
-5
2 - 6 - -2 - (1 + -3)
0
What is 2 + -4 - (0 + 4 + -4)?
-2
(19 - 15) + (-4 - (1 + -1))
0
Evaluate 20 + (-14 - -5) - (7 + -2).
6
What is -4 + (0 - -6) - (-3 + -5)?
10
Calculate -9 + 4 - (-16 + 8).
3
Calculate 2 - 0 - (-2 - (3 + -12)).
-5
What is (5 - -1) + 14 + -24?
-4
Calculate 1 + (-6 + 2 - -1).
-2
What is the value of (-3 - 1) + -2 + 1?
-5
What is the value of -6 + (-7 + 1 - -12)?
0
Calculate -1 + -1 - (-6 + 3 + 6).
-5
Evaluate (-4 - 1) + -57 + 58.
-4
What is the value of 11 - (-1 - -8) - (2 + 0)?
2
Evaluate -1 + 4 - (-2 + 1 + -1).
5
What is the value of (7 + -4 - 6) + 8?
5
Evaluate 3 - -4 - (18 + -10).
-1
-1 + -15 + 7 + 12
3
What is the value of -3 + 1 + 7 + (0 - 3)?
2
Calculate 71 + -84 + -3 + 14.
-2
What is the value of 21 - 16 - (-4 - -3)?
6
Calculate 5 + 0 - (9 + -4).
0
What is the value of -1 + -4 + (-10 - -14)?
-1
5 + -19 + 5 + 17
8
8 + (-14 - (9 + -17))
2
Calculate 0 - (1 - 2 - (-1 - 2)).
-2
What is the value of -4 + (2 - (6 - 2) - -3)?
-3
3 + -9 + (-7 - -15) - 0
2
What is the value of 0 + (4 - 2) + 3?
5
What is the value of (12 - 7) + 0 + -6 + -4?
-5
Calculate -10 + 12 - (6 - 6).
2
What is -4 - (0 - (7 + -1 - 2))?
0
What is (4 - (10 - 3)) + 1?
-2
What is -8 - (-3 + 2 + -3)?
-4
-1 + -7 + (-101 - -107)
-2
Calculate 2 + (-2 - 0) + 5 - 6.
-1
Evaluate 46 - 45 - (2 - (0 - -1)).
0
Calculate 2 + (-9 - -1 - (-105 - -91)).
8
7 - (5 + -9 + 6 + -1)
6
What is 8 + (5 - (22 - 5))?
-4
Calculate 5 + -2 - (8 + -6).
1
Calculate (-2 - -5) + -2 + (176 - 170).
7
What is 0 - (-2 + -2 + 5)?
-1
3 - ((6 - 4) + (-5 - -8))
-2
(2 + -4 - 5) + 4
-3
Calculate (8 - 8) + 3 - -1.
4
What is (5 - (5 - 5)) + (-6 - 0)?
-1
-2 + 13 + (-72 - -62)
1
Evaluate 1 + 4 + 0 + -1 - 3.
1
Evaluate 0 + (4 - 4) - (5 - 0).
-5
Calculate (-1 - -2) + -4 + (15 - 9).
3
Calculate (0 - 13) + 7 - -7.
1
Evaluate (4 - 8) + 28 + -22.
2
What is -16 - -8 - -7 - -1?
0
What is the value of 15 + (5 - 13) - (1 + 1)?
5
(-4 + 6 - -6) + -3
5
What is the value of -5 + (2 - (-7 - -4))?
0
What is -2 + 0 + 7 - (25 + -17)?
-3
What is the value of 2 - (1 + -2 + (16 - 3))?
-10
What is 3 - (4 - (-4 + 10))?
5
Calculate 17 + (1 - 7) + -15.
-4
Calculate -3 + -2 + -3 + (8 - 2).
-2
-1 - 1 - (-19 - -22)
-5
-10 + (17 - 9) + 0 + 7
5
What is the value of -8 + (1 + 4 - 4) - -1?
-6
(-4 - -6) + (-4 - -6)
4
What is 1 + -5 + 4 + -5?
-5
What is -1 + 3 - (2 + 2) - 3?
-5
Evaluate 5 - 9 - (-12 - (-6 - -6)).
8
(-7 - -1) + (159 - 155)
-2
Calculate 2 + -5 + 1 + -5 - -4.
-3
Evaluate -15 - ((2 - 5) + -4).
-8
What is the value of (-10 - (7 + -17)) + 0 + 5?
5
Evaluate -2 + 5 - (12 + 0 - 7).
-2
Evaluate 5 + (-2 - -4 - 9).
-2
Calculate -2 + -2 + 1 - -6.
3
What is the value of (16 - 18) + (-1 - (3 - -1))?
-7
Evaluate (-8 - 9) + 7 + 1.
-9
What is the value of 6 - (4 + -4) - (4 - 0)?
2
-8 + 1 - (-5 + 14 + -14)
-2
What is -2 + -4 + -4 - -5?
-5
2 - (0 - 4 - -3)
3
Calculate 3 + (-3 - -7) + (4 - 6).
5
Evaluate -5 + -5 - -9 - 7.
-8
Calculate (2 + -7 - 2) + -2.
-9
Calculate -7 + 2 - (-1 - 7).
3
Evaluate 4 + (-8 - (-1 + -4)) + 1.
2
-14 - (-13 - (-13 + 16))
2
Evaluate (3 + (3 - 2) - 3) + -5.
-4
(-6 - -5) + 6 + 1
6
What is -1 + (-8 - (-2 - 2)) + 3?
-2
What is 12 + -5 - 5 - (3 - -3)?
-4
Evaluate -5 - (-4 + (-9 - -2)).
6
What is -16 - (7 + 0 + -1 - 13)?
-9
Evaluate 31 + -21 + -1 + -5.
4
Evaluate (6 - (8 + -8)) + -5 - 5.
-4
What is the value of (-5 - (-1 + 5 + -4)) + 10?
5
Evaluate -4 + (-6 - -13) + -3.
0
What is -6 - (0 + (-4 - -3)) - -6?
1
2 - (-1 + 1 + -7 + 5)
4
2 - ((-33 - -37) + (-6 - -1))
3
Evaluate 5 - (-1 + (8 - -1)).
-3
3 + 0 + (0 + -3 - -3)
3
What is 4 + -9 + (3 - 3)?
-5
What is the value of -5 - (-2 - 0 - -1)?
-4
What is the value of (1 - (1 + 2)) + -9 + 4?
-7
What is -8 + 19 + -2 + -5?
4
What is the value of -5 + 10 - (4 - -2)?
-1
-3 + (0 + (-3 - 6) - -2)
-10
Calculate -1 + 8 + -8 + 5.
4
Evaluate (-4 - (0 - 9)) + -4.
1
What is (9 - 4) + (-5 - 1)?
-1
(-1 - 1) + (-6 - -4) + 0
-4
What is the value of -5 - ((-8 - -5 - 1) + 3)?
-4
Calculate 4 - -1 - (4 + -4 + 10).
-5
Evaluat